mmon factor of 256 and 1027533952.
128
Calculate the greatest common factor of 1943314 and 888.
74
Calculate the highest common divisor of 498 and 23412.
6
What is the greatest common divisor of 86223 and 12199503?
2103
What is the greatest common factor of 84832 and 158224?
176
Calculate the greatest common factor of 728967659 and 147.
49
What is the highest common divisor of 77648 and 471796?
844
Calculate the greatest common divisor of 1600646 and 1477.
211
Calculate the greatest common divisor of 27 and 30488130.
27
What is the greatest common divisor of 90 and 66026925?
45
Calculate the greatest common factor of 60372116 and 5488.
1372
Calculate the highest common factor of 274762 and 1.
1
What is the highest common divisor of 795697 and 2201?
71
What is the greatest common divisor of 3320415 and 630?
315
Calculate the highest common divisor of 192167 and 30256606.
1763
What is the highest common divisor of 1268 and 116818621?
317
What is the highest common divisor of 98535814 and 2?
2
What is the highest common factor of 36 and 1034293050?
18
What is the highest common divisor of 697559484 and 13336?
6668
Calculate the highest common factor of 18821 and 2024231.
649
Calculate the greatest common divisor of 88282 and 7067.
37
Calculate the greatest common divisor of 959 and 85825842.
137
Calculate the highest common divisor of 37066125 and 750.
375
What is the highest common divisor of 1126400 and 73700?
1100
What is the highest common factor of 21977685 and 6?
3
Calculate the highest common factor of 40477 and 3364353.
2381
Calculate the greatest common factor of 485430 and 17754.
66
Calculate the greatest common divisor of 709443 and 33.
3
What is the highest common divisor of 218754 and 12582?
54
Calculate the greatest common divisor of 31655 and 64363.
13
Calculate the highest common divisor of 23659118 and 73514.
826
Calculate the greatest common divisor of 935380375 and 2125.
2125
What is the greatest common factor of 57 and 15780241?
19
Calculate the greatest common factor of 9373574 and 24759.
917
Calculate the greatest common divisor of 432786 and 50.
2
What is the greatest common divisor of 132 and 194214108?
132
Calculate the highest common factor of 34895 and 113213338.
6979
What is the greatest common divisor of 861058514 and 7432?
1858
What is the highest common factor of 208 and 2565238?
26
What is the greatest common factor of 768810 and 12054?
294
Calculate the greatest common divisor of 1203 and 4752652.
401
What is the greatest common factor of 2875392 and 363168?
3744
What is the highest common divisor of 49176 and 1047?
3
Calculate the highest common divisor of 2682 and 425362518.
2682
Calculate the greatest common factor of 5 and 30192795.
5
Calculate the greatest common divisor of 66533016 and 1208.
1208
What is the greatest common factor of 1118 and 447102734?
1118
Calculate the greatest common divisor of 173 and 26795451.
173
What is the highest common factor of 77078703 and 507?
507
What is the greatest common factor of 1012098272 and 236?
236
Calculate the highest common factor of 2423 and 63.
1
What is the highest common factor of 3337145 and 15163?
257
Calculate the greatest common factor of 55042 and 2153281.
949
What is the greatest common factor of 9547020 and 2268?
252
What is the highest common divisor of 735 and 2032365?
15
What is the highest common factor of 65 and 68684161?
13
Calculate the greatest common factor of 112739 and 435083.
407
What is the highest common divisor of 4123 and 14371?
7
What is the greatest common divisor of 195379997 and 34?
17
What is the greatest common factor of 7276 and 2408662?
34
What is the highest common factor of 45 and 28961195?
5
Calculate the greatest common factor of 133875 and 75285.
315
What is the greatest common divisor of 360 and 1091340?
180
What is the greatest common factor of 1760 and 925012?
44
Calculate the highest common factor of 1141 and 106830689.
1141
Calculate the highest common factor of 180 and 3675614940.
180
What is the highest common factor of 12474 and 2458458?
54
What is the highest common factor of 4797500 and 2828?
404
What is the highest common divisor of 73414 and 371206?
1034
Calculate the highest common divisor of 72 and 22203351.
9
What is the greatest common factor of 126 and 48846780?
18
Calculate the greatest common factor of 106265 and 16302535.
265
Calculate the highest common factor of 1980 and 41229936.
396
Calculate the greatest common factor of 2196 and 187002.
18
What is the greatest common factor of 370 and 490310?
10
Calculate the greatest common divisor of 1276 and 4091494.
638
What is the highest common factor of 414 and 100195314?
138
Calculate the highest common factor of 624 and 2888232.
24
What is the highest common divisor of 88847041 and 254?
127
Calculate the highest common factor of 1593 and 7699833.
27
What is the greatest common factor of 554490673 and 12452?
3113
Calculate the highest common factor of 192022 and 611978.
134
Calculate the highest common divisor of 96 and 2144568720.
48
Calculate the highest common divisor of 10513396 and 20803.
71
Calculate the highest common divisor of 21 and 287796243.
21
What is the greatest common factor of 1205919 and 157014?
1287
Calculate the greatest common factor of 125694 and 15.
3
Calculate the highest common divisor of 2091 and 31359506.
41
What is the greatest common factor of 18244 and 13444?
4
Calculate the highest common divisor of 25865720 and 10.
10
Calculate the highest common divisor of 910 and 18693605.
35
Calculate the greatest common divisor of 2484 and 460.
92
What is the highest common factor of 53 and 35027223?
53
Calculate the greatest common divisor of 355 and 91555423.
71
Calculate the greatest common factor of 867 and 65253.
3
What is the greatest common divisor of 956 and 244030950?
478
What is the greatest common factor of 240016 and 154?
14
What is the greatest common factor of 77216813 and 53?
53
Calculate the greatest common factor of 86 and 1194661991.
43
Calculate the greatest common factor of 24290 and 100118522.
4858
Calculate the greatest common divisor of 2284 and 1728912628.
2284
What is the highest common divisor of 687 and 121140771?
687
What is the greatest common divisor of 1454526 and 101232?
342
What is the greatest common factor of 225 and 44477535?
15
Calculate the highest common divisor of 57 and 984049862.
19
What is the greatest common factor of 213 and 16308061?
71
What is the greatest common divisor of 34 and 124534639?
17
Calculate the highest common factor of 4916150 and 250.
50
Calculate the greatest common divisor of 1245324 and 535056.
1884
What is the highest common factor of 829596 and 4392?
12
Calculate the highest common divisor of 4433626 and 197354.
1954
Calculate the highest common factor of 14778 and 5445.
9
What is the greatest common factor of 41638 and 349781?
109
What is the greatest common divisor of 90823137 and 291?
291
Calculate the greatest common factor of 2080 and 53139080.
40
What is the highest common factor of 450 and 33453990?
90
Calculate the highest common factor of 44781 and 729417.
177
What is the greatest common divisor of 638 and 11484058?
58
Calculate the highest common factor of 2817 and 12548796.
939
Calculate the greatest common factor of 105813760 and 52.
52
Calculate the highest common divisor of 121502 and 151996.
158
What is the highest common divisor of 6944 and 1371006?
434
Calculate the highest common factor of 13448 and 8088.
8
What is the highest common factor of 11710889 and 35551?
487
Calculate the greatest common divisor of 1286336 and 1014848.
6464
Calculate the highest common factor of 650 and 9065225.
325
Calculate the greatest common divisor of 4572 and 28421838.
2286
Calculate the highest common divisor of 716 and 18237594.
358
What is the greatest common divisor of 5500 and 1037380?
20
What is the highest common factor of 653299 and 129?
43
Calculate the greatest common divisor of 2558 and 403782858.
2558
Calculate the highest common divisor of 110114250 and 750.
750
What is the greatest common factor of 13381569 and 9?
9
What is the greatest common divisor of 11316 and 452897439?
2829
Calculate the highest common factor of 1344 and 584970.
6
What is the highest 